109. What is the remainder when d is divided by (i/(-6))/((-1)/2)?
3
Suppose -3*h = 0, p - 6*p + 120 = 4*h. Suppose v - 87 = 5*a, -3*v - 5*a = -120 - 161. Calculate the remainder when v is divided by p.
20
Suppose -2*t + 19 = -5. Let p = 7 - t. Calculate the remainder when 5 is divided by 4/(-30)*p*6.
1
Let i = 138 - 131. Calculate the remainder when 27 is divided by i.
6
Let m(v) = v**3 - v**2 + 4*v - 3. Let s be 80/24*(-6)/(-10). What is the remainder when 21 is divided by m(s)?
3
Let f = -32 - -48. Let y(m) = -m**3 - 13*m**2 - 40*m + 20. Calculate the remainder when f is divided by y(-7).
4
Let m(a) = a**2 - 12*a - 73. What is the remainder when 56 is divided by m(17)?
8
Let u be ((-2)/4)/((-1)/14). Let b = 7 + u. What is the remainder when 26 is divided by b?
12
Suppose 0 = -r - 4*f + 305, 0 = 469*r - 466*r - 3*f - 840. What is the remainder when r is divided by 18?
15
Suppose -6*z + 107 - 95 = 0. Calculate the remainder when 14 is divided by z.
0
Let n = -97 + 140. Calculate the remainder when 1902/9 + -1*(-1)/(-3) is divided by n.
39
Let m = -303 + 322. What is the remainder when 265 is divided by m?
18
Suppose -6*w - 10 = -8*w. Suppose w*m - m = 1860. Suppose -3*f + m = 2*f. Calculate the remainder when f is divided by 24.
21
Let u(z) = 2*z**2 + z - 2. Suppose 2*f = 7*f + 10. Let r be u(f). What is the remainder when 65 is divided by (-828)/(-24) + (-2)/r?
31
Calculate the remainder when (3/(-3) + 2)/(7/6146) is divided by 80.
78
Suppose 3*k + 77 = t + 28, -171 = -3*t + k. Let a = -1 - -5. Suppose a*w = -5*c + 80, 3*c = w + 3 - 6. Calculate the remainder when t is divided by w.
13
Suppose -291 = -2*y + 5*u - 122, -y + u + 77 = 0. Calculate the remainder when 189 is divided by y.
45
Let k = -6 + 82. Suppose 4*z - 4*v = k, z = 5*z + 2*v - 58. Let a = 30 - z. Calculate the remainder when 39 is divided by a.
11
Suppose -2*r - 15 = -5*r. Suppose r*m - 70 = 3*m + 4*q, 5*q + 109 = 3*m. Let k = -2 + 13. What is the remainder when m is divided by k?
10
Let g = 19 - 17. Suppose a - g = -0. Suppose a = -j, -3*q + 2*j + 2*j = -38. Calculate the remainder when q is divided by 6.
4
Suppose -169*b = -160*b - 306. What is the remainder when b is divided by (-2)/(-4) - (-34)/4?
7
Suppose -27*v = -552 - 258. Suppose 0 = -2*a - 2*a + 4*w + 224, -2*a + 112 = w. What is the remainder when a is divided by v?
26
What is the remainder when 238 is divided by 84/(-9)*240/(-28)?
78
Suppose -s + 4*t = -14, -2*s - 2*t + 38 = -5*t. What is the remainder when 128 is divided by s?
18
Let s be (((-12)/30)/((-1)/(-5)))/(-1). Suppose -s*f = 5*f - 182. What is the remainder when f is divided by 10?
6
Suppose -18 = 7*q - 9*q. What is the remainder when ((-156)/q)/(3/(18/(-4))) is divided by 14?
12
Let h = -84 - -86. Let x = -193 - -298. Suppose i - 2*i + h*r + 21 = 0, -5*i + 3*r = -x. Calculate the remainder when i is divided by 12.
9
Suppose -35*x + 32*x + 216 = 0. What is the remainder when x is divided by 20?
12
Suppose -4*d = 5*x - 29 - 28, -4*d + 63 = 3*x. Let t(b) = -b + 140. Calculate the remainder when t(17) is divided by d.
15
Let o(w) = 4*w**2 + w - 4. Let c(k) = k + 11. Let t be c(0). What is the remainder when o(3) is divided by (-8)/44 + 134/t?
11
Let x = -341 - -344. Let w(h) = h**2 - h + 6. Calculate the remainder when w(0) is divided by x.
0
Suppose -2*w - 333 = -11*w. Suppose -z + 6 + w = 0. What is the remainder when 127 is divided by z?
41
Suppose -2*o + 5*t - t + 28 = 0, -t = -5*o + 97. What is the remainder when 23 is divided by o?
3
Suppose 0 = z - 4*o - 516, -4*z - 2*o = -6*z + 1020. What is the remainder when z is divided by 85?
83
Let q(d) = -15*d - 19. Let k(b) = -8*b - 10. Let h(u) = 5*k(u) - 3*q(u). Let w be h(-3). Let m = w - -17. Calculate the remainder when 17 is divided by m.
8
Let u be -1 + 22 + (4 - 2). Suppose -w - 2*f = 2*w - u, -47 = -2*w + 5*f. Let h(q) = 15*q + 1. What is the remainder when h(2) is divided by w?
9
Suppose 0*h - 882 = -3*i - 4*h, i + h = 294. Calculate the remainder when i is divided by 11.
8
Suppose 48 = -40*t + 44*t. Calculate the remainder when t is divided by 7.
5
Let x = -66 + 148. Suppose -5*n + x = -8. Let i(f) = -f + 10. What is the remainder when n is divided by i(0)?
8
What is the remainder when 129 is divided by 77/2*((-440)/(-77))/10?
19
Suppose -7*k = -30 - 26. Let q(w) = 4*w - 10. What is the remainder when 85 is divided by q(k)?
19
Let r = 0 + 3. Suppose 5 + 2 = -r*f - 5*s, -2*f = -s + 9. What is the remainder when 18/12 + (-78)/f is divided by 12?
9
Suppose 4*q + 28 = 3*d - 10, 0 = -4*d - 3*q + 9. Calculate the remainder when 202 is divided by d.
4
Suppose 6*n + j = n + 12, -3*n - 3*j = 0. Suppose 3*v - 5*y = 32, -n - 1 = y. What is the remainder when 7 is divided by v?
3
Let p(v) = -20*v - 462. Calculate the remainder when 381 is divided by p(-27).
69
Let w = -30 + 45. Calculate the remainder when (-5)/(-1)*(-11 + (-1536)/(-60)) is divided by w.
13
Let h(y) = -2*y + 4. Suppose -837 - 125 = -26*o. Calculate the remainder when o is divided by h(-3).
7
Suppose 3*c - 5*d - 121 = 592, 0 = -2*c - 5*d + 442. What is the remainder when c is divided by 60?
51
Suppose p = 5*d - 575, 2*d + d + p = 345. Let m = 7 + -3. Suppose -m*l = l - d. What is the remainder when 67 is divided by l?
21
Let j(r) = 11*r**2 + 2*r - 2. Let v be j(1). Suppose 10*z = v*z - 12. Calculate the remainder when 21 is divided by z.
9
Let q = 156 + -150. Calculate the remainder when 32 is divided by q.
2
Calculate the remainder when 726 is divided by (126/15)/((-15)/(-50)).
26
Let q(t) = 6*t**2 + t + 1. Let c be q(-1). What is the remainder when (-50 - 1)*(-10)/c is divided by (-178)/(-6) - 4/6?
27
Suppose -2*q + 0*q = -88. What is the remainder when ((26 - 10)/2)/((-2)/32*-1) is divided by q?
40
Suppose -7*r - 26*r + 1518 = 0. Calculate the remainder when 199 is divided by r.
15
Let g(a) = -a**3 - 24*a**2 - a + 77. What is the remainder when g(-24) is divided by 27?
20
Let x(w) = 3*w - 4. Let t be x(6). Let o = t - 9. Suppose 4*q = 4*a - 180, 5*a + o*q - 142 - 53 = 0. Calculate the remainder when a is divided by 15.
12
Suppose 30 = -6*i + 96. Let x(r) = r**3 + 6*r**2 - 2*r - 8. Calculate the remainder when i is divided by x(-6).
3
Let b be (((-1 - -2)*0)/1)/(-2). Let t(d) = -d**3 + 5*d**2 - 2*d + 6. Let s be t(4). Let f = s + b. Calculate the remainder when 26 is divided by f.
12
Suppose -103*g + 2624 = 358. Calculate the remainder when 65 is divided by g.
21
Let c(d) = -9*d**3 - d**2 + 2*d. Let p be c(-2). Suppose 4*o - p = 4*f - 0*f, 2*o + 2*f = 52. Let j(r) = -3*r. What is the remainder when o is divided by j(-4)?
9
Let m = -134 + 142. What is the remainder when 484/36 + m/(-18) is divided by 7?
6
Suppose 90 = -4*v - 2*a, -a - 3*a - 60 = 2*v. Let b(k) = k**3 - 5*k**2 + 3*k + 5. Let y be b(4). Calculate the remainder when 2/y - (-5 + v) is divided by 15.
12
Suppose -74*b - 10 = -2*t - 73*b, 3*t + 4*b - 4 = 0. Suppose z - 14 = 16. What is the remainder when z is divided by t?
2
Let o(h) = 2*h**2 + 14*h + 88. What is the remainder when o(-9) is divided by 51?
22
Suppose -w = -2*w - 56. Let g = w - -60. What is the remainder when 17 is divided by g?
1
Let u(c) = 8*c**2 - 14*c + 10. Let s(z) = -z**2 + z. Let l(j) = 5*s(j) + u(j). Calculate the remainder when l(5) is divided by 21.
19
Let y = 194 + -110. Suppose -3*o - 120*j = -116*j - 149, -5*j + 111 = 2*o. Calculate the remainder when y is divided by o.
41
Let n(v) be the first derivative of -14 + v + 4 + 12 + 13*v**2. Calculate the remainder when n(3) is divided by 20.
19
Suppose -21 + 3 = -3*u. Let c(q) = 3*q**2 - 16*q + 5. What is the remainder when c(u) is divided by 4?
1
Suppose 87*w - 79*w - 1880 = 0. Calculate the remainder when w is divided by 10.
5
Suppose 0*o + 2 = -2*o. Let r = o - 19. Let f = 31 + r. Calculate the remainder when 32 is divided by f.
10
Suppose -6*i + 146 - 44 = 0. Suppose 4*m + 8 = 4*o - 0*m, o + 5*m - 8 = 0. Suppose 0*h - o*h + 27 = 0. Calculate the remainder when i is divided by h.
8
Let b be (-774)/45 + 2/10. Let c = 32 + b. Suppose 2*q = -c + 49. Calculate the remainder when 48 is divided by q.
14
Let w be (-6)/(-39) + 112/(-52). Let i = 26 + w. What is the remainder when (-3)/3*-3*31 is divided by i?
21
Let a(c) = c**3 + 4*c**2 - 2*c. Let o be a(-4). Su